ed by 358?
305
Calculate the remainder when 7769 is divided by 18.
11
What is the remainder when 9133 is divided by 208?
189
Calculate the remainder when 23204 is divided by 725.
4
Calculate the remainder when 2986 is divided by 1462.
62
What is the remainder when 9530 is divided by 4749?
32
Calculate the remainder when 157682 is divided by 47.
44
Calculate the remainder when 2022 is divided by 2004.
18
Calculate the remainder when 97391 is divided by 38.
35
What is the remainder when 9257 is divided by 921?
47
What is the remainder when 2141 is divided by 1560?
581
Calculate the remainder when 5581 is divided by 10.
1
Calculate the remainder when 651 is divided by 515.
136
Calculate the remainder when 126248 is divided by 526.
8
Calculate the remainder when 198137 is divided by 280.
177
Calculate the remainder when 1846414 is divided by 581.
577
What is the remainder when 2943791 is divided by 73?
66
Calculate the remainder when 169460 is divided by 6052.
4
Calculate the remainder when 13077 is divided by 44.
9
What is the remainder when 18852 is divided by 54?
6
What is the remainder when 248039 is divided by 133?
127
Calculate the remainder when 103877 is divided by 49.
46
What is the remainder when 513 is divided by 76?
57
Calculate the remainder when 371769 is divided by 3507.
27
Calculate the remainder when 94491 is divided by 2303.
68
What is the remainder when 36995 is divided by 127?
38
Calculate the remainder when 11208 is divided by 11.
10
Calculate the remainder when 565400 is divided by 51400.
0
Calculate the remainder when 301776 is divided by 19.
18
Calculate the remainder when 12113 is divided by 247.
10
What is the remainder when 7790 is divided by 390?
380
What is the remainder when 107743 is divided by 369?
364
What is the remainder when 6476 is divided by 719?
5
What is the remainder when 9165384 is divided by 77?
74
Calculate the remainder when 1660130 is divided by 85.
80
What is the remainder when 33057 is divided by 309?
303
What is the remainder when 4624 is divided by 47?
18
Calculate the remainder when 13796 is divided by 242.
2
What is the remainder when 22100 is divided by 7365?
5
What is the remainder when 12327 is divided by 6163?
1
Calculate the remainder when 112193 is divided by 33.
26
What is the remainder when 69513 is divided by 18?
15
Calculate the remainder when 926011 is divided by 42.
37
Calculate the remainder when 8709 is divided by 107.
42
What is the remainder when 3496091 is divided by 1219?
1218
What is the remainder when 11676 is divided by 5837?
2
What is the remainder when 8533 is divided by 309?
190
Calculate the remainder when 1524217 is divided by 8.
1
What is the remainder when 2427 is divided by 604?
11
Calculate the remainder when 87775 is divided by 5162.
21
What is the remainder when 7777 is divided by 90?
37
What is the remainder when 219 is divided by 50?
19
Calculate the remainder when 11060 is divided by 564.
344
What is the remainder when 1368 is divided by 140?
108
Calculate the remainder when 41213 is divided by 101.
5
Calculate the remainder when 40571 is divided by 548.
19
Calculate the remainder when 656 is divided by 650.
6
Calculate the remainder when 15972 is divided by 5321.
9
Calculate the remainder when 104217 is divided by 45.
42
What is the remainder when 33532 is divided by 87?
37
What is the remainder when 3522 is divided by 1001?
519
What is the remainder when 2015 is divided by 72?
71
Calculate the remainder when 38772 is divided by 4846.
4
Calculate the remainder when 185 is divided by 121.
64
Calculate the remainder when 14122 is divided by 791.
675
What is the remainder when 92484 is divided by 112?
84
Calculate the remainder when 60845 is divided by 1323.
1310
Calculate the remainder when 181451 is divided by 7258.
1
Calculate the remainder when 138144 is divided by 3837.
12
Calculate the remainder when 2677 is divided by 269.
256
Calculate the remainder when 12747 is divided by 3181.
23
What is the remainder when 337 is divided by 201?
136
What is the remainder when 41561 is divided by 800?
761
What is the remainder when 6722 is divided by 3?
2
What is the remainder when 26941 is divided by 161?
54
What is the remainder when 7464 is divided by 7455?
9
What is the remainder when 88172 is divided by 229?
7
What is the remainder when 1675172 is divided by 446?
442
What is the remainder when 503 is divided by 463?
40
What is the remainder when 24140 is divided by 6011?
96
Calculate the remainder when 25073 is divided by 8355.
8
What is the remainder when 588669 is divided by 370?
369
Calculate the remainder when 23930 is divided by 7964.
38
Calculate the remainder when 557 is divided by 122.
69
Calculate the remainder when 10857 is divided by 205.
197
Calculate the remainder when 282520 is divided by 36.
28
What is the remainder when 3479 is divided by 419?
127
Calculate the remainder when 202366 is divided by 2130.
16
What is the remainder when 31359 is divided by 218?
185
Calculate the remainder when 1624237 is divided by 790.
787
What is the remainder when 72745 is divided by 177?
175
What is the remainder when 7300 is divided by 112?
20
What is the remainder when 278 is divided by 62?
30
What is the remainder when 116476 is divided by 81?
79
Calculate the remainder when 982 is divided by 72.
46
What is the remainder when 13497 is divided by 399?
330
What is the remainder when 22041 is divided by 4376?
161
Calculate the remainder when 3895 is divided by 243.
7
What is the remainder when 7857 is divided by 393?
390
Calculate the remainder when 62484 is divided by 3675.
9
What is the remainder when 45957 is divided by 414?
3
What is the remainder when 33661 is divided by 16822?
17
What is the remainder when 5368 is divided by 35?
13
Calculate the remainder when 2034 is divided by 138.
102
Calculate the remainder when 44983 is divided by 14994.
1
Calculate the remainder when 3541 is divided by 2850.
691
Calculate the remainder when 20554 is divided by 174.
22
Calculate the remainder when 45588 is divided by 79.
5
What is the remainder when 162626 is divided by 12506?
48
Calculate the remainder when 9674 is divided by 162.
116
What is the remainder when 12763 is divided by 90?
73
Calculate the remainder when 62159 is divided by 48.
47
Calculate the remainder when 154129 is divided by 988.
1
Calculate the remainder when 780 is divided by 376.
28
Calculate the remainder when 193291 is divided by 38658.
1
What is the remainder when 2458 is divided by 50?
8
What is the remainder when 50077 is divided by 477?
469
Calculate the remainder when 2166 is divided by 55.
21
Calculate the remainder when 22556 is divided by 141.
137
What is the remainder when 141979 is divided by 10921?
6
What is the remainder when 71916 is divided by 11981?
30
Calculate the remainder when 5773 is divided by 263.
250
Calculate the remainder when 412604 is divided by 31.
25
Calculate the remainder when 1469 is divided by 505.
459
What is the remainder when 189382 is divided by 237?
19
What is the remainder when 5629 is divided by 2752?
125
What is the remainder when 586 is divided by 557?
29
What is the remainder when 66581 is divided by 328?
325
Calculate the remainder when 19470 is divided by 628.
2
What is the remainder when 15892 is divided by 300?
292
What is the remainder when 30 is divided by 25?
5
What is the remainder when 6836 is divided by 140?
116
Calculate the remainder when 22486 is divided by 326.
318
Calculate the remainder when 561038 is divided by 9.
5
Calculate the remainder when 21309 is divided by 2656.
61
What is the remainder when 14095 is divided by 587?
7
Calculate the remainder when 3370180 is divided by 1598.
1596
Calculate the remainder when 17004 is divided by 362.
352
Calculate the remainder when 1167 is divided by 1022.
145
Calculate the remainder when 6449 is divided by 27.
23
What is the remainder when 1217 is divided by 48?
17
Calculate the remainder when 1141 is divided by 825.
316
Calculate the remainder when 48060 is divided by 1304.
1116
What is the remainder when 182557 is divided by 93?
91
What is the remainder when 3103 is divided by 1253?
597
What is the remainder when 288280 is divided by 288274?
6
Calculate the remainder when 2117756 is divided by 